 210. Let u = j - 2. Calculate the greatest common divisor of u and m.
5
Suppose -10 = -2*m - 0*m. Let d(i) = 3*i - 19. Let y be d(m). Let a be (y + 0)/(3/(-18)). What is the greatest common factor of 48 and a?
24
Let c = 15558 - 15250. Calculate the highest common factor of c and 91.
7
Let x = 15922 - 12974. Calculate the greatest common factor of 396 and x.
44
Let a be (-68572)/(-161) - (-18)/207. What is the greatest common factor of a and 18?
6
Let l = -244 + 272. Suppose -49 - 103 = -8*s. Let y = s + 289. What is the highest common factor of l and y?
28
Suppose -24*l + 177567 = 36*l + 27*l. What is the greatest common factor of 314 and l?
157
Let n(b) be the second derivative of 4*b**3/3 - 46*b**2 + 26*b. Let d be n(12). What is the highest common divisor of 4 and d?
4
Suppose -152*o = -63*o - 3864 - 3247929. What is the greatest common factor of 57 and o?
57
Suppose -19*g = -10 - 9. Let m be (g - -95)*(10 - 160/24). Calculate the highest common divisor of 10 and m.
10
Let j be (-10)/((8/6)/(-2)). Suppose -78*u = -80*u + 442. Suppose -14*d + 1691 - u = 0. Calculate the greatest common factor of d and j.
15
Suppose -2*p - 34 = -12. Let o be (-8)/(-44) - 152/p. Let d = 356 - 354. What is the highest common divisor of d and o?
2
Suppose -61*q + 67*q + 24 = 0. Let o be (-9)/(-3) + 3 + 4 + q. Calculate the greatest common factor of o and 138.
6
Let b(p) = 738*p - 4428. Let a be b(84). What is the highest common factor of a and 156?
156
Let v be 92*24 + 72/(-1188)*-33. Calculate the highest common divisor of v and 204.
34
Suppose 20779 + 109141 = -277*v + 1437*v. Let q = 175 - 105. Suppose -5*c + 0*c = -q. Calculate the greatest common divisor of v and c.
14
Suppose 0 = 5*d - 2*d - 60. Let v = -108 + 183. Let k = -71 + v. What is the highest common factor of d and k?
4
Suppose -4 = 6*c - 22. Suppose 3*o - 15 = c. What is the greatest common divisor of 6 and o?
6
Suppose 2012 = 8*p - 1675 + 359. Calculate the highest common divisor of 2808 and p.
104
Let k(z) = -z**2 + z + 4. Let x be (3 - 28/8)*0. Let v be k(x). Let u(f) = -5*f - 5. Let i be u(-5). Calculate the highest common factor of v and i.
4
Let r = -51 + 27. Let n = -27 - r. Let d be (-2)/n*(-696)/(-16). Calculate the greatest common factor of 319 and d.
29
Suppose 0 = 5*s - 831 - 344. Suppose -2*w + 37 = -s. What is the greatest common divisor of w and 17?
17
Let c = 20 + -19. Let g(q) = -4*q + 4*q + c + 3*q + q. Let o be g(2). Calculate the greatest common factor of o and 27.
9
Let d(c) = 254*c**2 - 877*c - 3495. Let p be d(-4). Calculate the greatest common factor of p and 54.
27
Suppose 25 = 5*u - 3*a - 2*a, 2*u = -3*a. Suppose 1 = u*b - 8, -4*x + 141 = -b. Suppose 5*j + x = 131. Calculate the greatest common divisor of j and 133.
19
Let m = 188 - 32. Let t(z) = 43*z + 303. Let c be t(-7). Suppose -c*j = 5*w - 49 + 8, -w = -4*j + 49. What is the greatest common divisor of j and m?
13
Let b = 90 - 93. Let w(p) = -2*p**3 - 7*p**2 - 4*p + 3. Let q be w(b). What is the greatest common divisor of q and 12?
6
Let n(t) = 6*t - 51. Let m be n(8). Let p(g) = -9*g + 85. Let i be p(m). Calculate the greatest common factor of 32 and i.
16
Suppose -339*i - 20 = -340*i. Let u be 21 - -7*1/(-7). Calculate the greatest common factor of u and i.
20
Let o be -1 + ((-211)/1)/1. Let t = 197 + 136. Let r = t + o. Calculate the highest common divisor of 11 and r.
11
Suppose -3001 = 197*a - 202*a - 3*y, -2404 = -4*a - 2*y. Calculate the greatest common factor of 1705 and a.
55
Let r be (552/36)/((-3)/(-27)). Calculate the greatest common factor of 1058 and r.
46
Let m be 0 + 166 - (4 - 8). Suppose m = -2*u + 12*u. Suppose -4*o = -g - 13, -u = g - 3*o - 2*o. Calculate the greatest common factor of g and 27.
3
Let g be 5/((-10)/13048)*(5 - -1)/(-6). Calculate the greatest common factor of g and 308.
28
Let q(l) = -58*l - 1158. Let g be q(-21). What is the highest common divisor of g and 35?
5
Let a(o) = 12*o + 63. Let q be a(30). What is the greatest common divisor of 81 and q?
9
Suppose 4*n + 3567 = 7891. What is the highest common divisor of 329 and n?
47
Let y be (-1426)/(-8) + (-6)/24. Let v be 1 - (1097/(-15) - 4/(-30)). Let o = y - v. Calculate the greatest common divisor of o and 13.
13
Let m(p) = 20*p + 154. Let i be m(0). What is the greatest common factor of i and 44?
22
Let h(j) = -58*j**3 + 9*j**2 - 7*j - 48. Let u be h(-3). What is the greatest common factor of u and 60?
60
Let a(t) = 10*t + 195. Let y be (-8 - (-1 - 8))*0. Let x be a(y). What is the highest common divisor of 15 and x?
15
Let n = 44886 - 44801. Calculate the greatest common divisor of 8585 and n.
85
Suppose 0 = 2*l + 3*u - 29, 5*u = -4*l + 64 - 1. What is the highest common divisor of l and 1419?
11
Suppose -61*q = -46*q - 28785. What is the greatest common factor of 101 and q?
101
Suppose 129 + 196 = -5*i. Let o be (-21)/2*(i - -63). What is the highest common divisor of 273 and o?
21
Suppose -37 = 2*b - 5*w, 0 = 3*b + 2*w + 79 + 5. Let q = -19 - b. Let p = 15 - q. What is the greatest common divisor of p and 16?
8
Suppose -4*j = -4*r, j = -j + r + 3. Let p be (-18 + -2)*(-44)/10. Suppose 0 = 3*u - 160 + p. Calculate the greatest common divisor of u and j.
3
Let y be (5 + -3)*(58 + 0). Let z = 17 - 15. Suppose z*m - 32 = 26. What is the greatest common factor of y and m?
29
Suppose -4*j - 4*m + 952 = 0, -5*j + 998 = m - 204. Let r = j - 25. Let x be (4/5)/((-2)/(-45)). Calculate the greatest common factor of x and r.
18
Let a be 18/(-8)*(-3)/9 + 9893625/500. What is the greatest common divisor of a and 136?
68
Let j(g) = -g**3 - 23*g**2 - 23*g - 18. Suppose 13*k = 6*k - 154. Let f be j(k). Let z be 12*(14 - 4)*1/f. What is the highest common divisor of 30 and z?
30
Suppose -2*z - 3*i - 7 = 0, i = 2*i + 5. Let s(n) = 6*n**2 - 46*n - 89. Let b be s(-2). Let m be z - -18*b/6. Calculate the greatest common divisor of m and 34.
17
Let a = -29213 + 29438. What is the greatest common divisor of 345 and a?
15
Let s(n) = -37*n + 154. Let j be s(-6). Calculate the greatest common factor of 1034 and j.
94
Let l(t) = -t**2 + 81*t - 1548. Let s be l(48). Calculate the greatest common factor of s and 2718.
18
Suppose 8 = -2*c + 140. Let o(r) = r**2 + 19*r + 54. Let w be o(-3). What is the greatest common divisor of w and c?
6
Let c = -11 + -2. Suppose 0 = s + 5*y + 43, -2*s - s = -5*y + 69. Let z = c - s. Calculate the highest common factor of z and 105.
15
Let v = -70 + 130. Let d = v + -53. Calculate the greatest common divisor of 14 and d.
7
Let g = -2849 - 403. Let s be (-51)/255 + g/(-10). What is the highest common divisor of s and 65?
65
Let h(s) be the third derivative of s**4/8 + 7*s**3/2 + 41*s**2. Let o be h(5). What is the highest common factor of o and 108?
36
Suppose 0 = -5*b + 35, 2*f - 5*b + 7*b - 7378 = 0. Calculate the greatest common divisor of f and 56.
14
Let y(x) = -13*x - 113. Let i be y(-11). Calculate the greatest common divisor of i and 2630.
10
Let y = -70 - -68. Let w be (24/(-32))/(y/(-8)). Let c be 28/6 - (2/w)/(-1). What is the greatest common factor of c and 20?
4
Suppose 16*c = -4*c + 112662 + 64938. What is the highest common divisor of c and 15?
15
Let z(v) be the third derivative of -v**4/24 + 79*v**3/6 - 2*v**2 - 2*v. Let y be z(10). Calculate the greatest common divisor of 552 and y.
69
Let c = -142111 + 142195. Let a(l) = 30*l**2 + 3*l - 6. Let j be a(6). What is the highest common factor of c and j?
84
Let u be 56/(-20)*(-2520)/147. Let i = -24 + 28. Calculate the highest common divisor of i and u.
4
Suppose 0*l - 40 = -8*l. Suppose 0 = -5*g - 2*i + 90, -l*g - 2*i - 3*i + 105 = 0. Let c be 0 + 39 + 4/(g/12). Calculate the greatest common divisor of c and 42.
42
Let x be 2/(-10) - (-58856)/280. Let s = -38 - -85. Suppose -3*r + s + 43 = 0. What is the highest common factor of r and x?
30
Let c = -246 - -267. Let x(n) = 2*n - 9. Let s = 10 - 4. Let r be x(s). Calculate the greatest common factor of c and r.
3
Let c(f) = 9*f**2 - f + 2. Let s be c(2). Suppose 4*p - 507 = -3*b, 0*b = p - b - 125. Suppose -6*k + p = -90. What is the highest common divisor of k and s?
36
Suppose 3*w + q - 179 = 0, 12*w + 2*q = 14*w - 138. Calculate the highest common factor of 5518 and w.
62
Let o = 11119 - 9300. What i